{"id":143,"date":"2018-07-22T00:19:31","date_gmt":"2018-07-21T22:19:31","guid":{"rendered":"http:\/\/centrumvenus.pl\/?page_id=143"},"modified":"2025-02-22T23:53:31","modified_gmt":"2025-02-22T22:53:31","slug":"zamow-przez-e-mail","status":"publish","type":"page","link":"https:\/\/centrumvenus.pl\/index.php\/1-2\/zamow-przez-e-mail\/","title":{"rendered":"Zam\u00f3w Voucher Podarunkowy i zr\u00f3b przelew, a my prze\u015blemy go na Twojego maila"},"content":{"rendered":"\n<div class=\"wpcf7 no-js\" id=\"wpcf7-f140-o1\" lang=\"pl-PL\" dir=\"ltr\" data-wpcf7-id=\"140\">\n<div class=\"screen-reader-response\"><p role=\"status\" aria-live=\"polite\" aria-atomic=\"true\"><\/p> <ul><\/ul><\/div>\n<form action=\"\/index.php\/wp-json\/wp\/v2\/pages\/143#wpcf7-f140-o1\" method=\"post\" class=\"wpcf7-form init\" aria-label=\"Formularz kontaktowy\" novalidate=\"novalidate\" data-status=\"init\">\n<div style=\"display: none;\">\n<input type=\"hidden\" name=\"_wpcf7\" value=\"140\" \/>\n<input type=\"hidden\" name=\"_wpcf7_version\" value=\"6.0.4\" \/>\n<input type=\"hidden\" name=\"_wpcf7_locale\" value=\"pl_PL\" \/>\n<input type=\"hidden\" name=\"_wpcf7_unit_tag\" value=\"wpcf7-f140-o1\" \/>\n<input type=\"hidden\" name=\"_wpcf7_container_post\" value=\"0\" \/>\n<input type=\"hidden\" name=\"_wpcf7_posted_data_hash\" value=\"\" \/>\n<\/div>\n<p><label>Tw\u00f3j adres email (wymagane)<br \/>\n<span class=\"wpcf7-form-control-wrap\" data-name=\"your-email\"><input size=\"40\" maxlength=\"400\" class=\"wpcf7-form-control wpcf7-email wpcf7-validates-as-required wpcf7-text wpcf7-validates-as-email\" aria-required=\"true\" aria-invalid=\"false\" value=\"\" type=\"email\" name=\"your-email\" \/><\/span> <\/label>\n<\/p>\n<p><label> Imi\u0119 i nazwisko na Voucherze(wymagane)<br \/>\n<span class=\"wpcf7-form-control-wrap\" data-name=\"your-name\"><input size=\"40\" maxlength=\"400\" class=\"wpcf7-form-control wpcf7-text wpcf7-validates-as-required\" aria-required=\"true\" aria-invalid=\"false\" value=\"\" type=\"text\" name=\"your-name\" \/><\/span> <\/label>\n<\/p>\n<p>Wybierz us\u0142ug\u0119<br \/>\n<span class=\"wpcf7-form-control-wrap\" data-name=\"uslugi\"><select class=\"wpcf7-form-control wpcf7-select\" aria-invalid=\"false\" multiple=\"multiple\" name=\"uslugi[]\"><option value=\"\">&#8212;Prosz\u0119 wybra\u0107 opcj\u0119&#8212;<\/option><option value=\"Masa\u017c Balijski 60min\">Masa\u017c Balijski 60min<\/option><option value=\"Masa\u017c Balijski 120min\">Masa\u017c Balijski 120min<\/option><option value=\"Masa\u017c Lomi Lomi 60min\">Masa\u017c Lomi Lomi 60min<\/option><option value=\"Masa\u017c Lomi Lomi 120min\">Masa\u017c Lomi Lomi 120min<\/option><option value=\"Masa\u017c Ciep\u0142ymi Kamieniami 30min\">Masa\u017c Ciep\u0142ymi Kamieniami 30min<\/option><option value=\"Masa\u017c Ciep\u0142ymi Kamieniami 60min\">Masa\u017c Ciep\u0142ymi Kamieniami 60min<\/option><option value=\"Masa\u017c Dla Dwojga 60min\">Masa\u017c Dla Dwojga 60min<\/option><option value=\"Masa\u017c Dla Dwojga 90min\">Masa\u017c Dla Dwojga 90min<\/option><option value=\"Masa\u017c Klasyczny 30min\">Masa\u017c Klasyczny 30min<\/option><option value=\"Masa\u017c Klasyczny 60min\">Masa\u017c Klasyczny 60min<\/option><option value=\"Masa\u017c klasyczny 90min\">Masa\u017c klasyczny 90min<\/option><option value=\"Masa\u017c Leczniczy 40min\">Masa\u017c Leczniczy 40min<\/option><option value=\"Masa\u017c Leczniczy 40min seria 5x\">Masa\u017c Leczniczy 40min seria 5x<\/option><option value=\"Masa\u017c Relaksacyjny 30min\">Masa\u017c Relaksacyjny 30min<\/option><option value=\"Masa\u017c Relaksacyjny 60min\">Masa\u017c Relaksacyjny 60min<\/option><option value=\"Masa\u017c Relaksacyjny 90min\">Masa\u017c Relaksacyjny 90min<\/option><option value=\"Rytua\u0142 Aksamitna Sk\u00f3ra\">Rytua\u0142 Aksamitna Sk\u00f3ra<\/option><option value=\"Rytua\u0142 Ja\u015bminowe Otulenie\">Rytua\u0142 Ja\u015bminowe Otulenie<\/option><option value=\"Laminowanie, Lifting + Botox Rz\u0119s\">Laminowanie, Lifting + Botox Rz\u0119s<\/option><option value=\"Manicure Hybrydowy\">Manicure Hybrydowy<\/option><option value=\"Manicure Japo\u0144ski\">Manicure Japo\u0144ski<\/option><option value=\"Manicure Tradycyjny\">Manicure Tradycyjny<\/option><option value=\"SPA na D\u0142onie\">SPA na D\u0142onie<\/option><option value=\"Pedicure Tradycyjny\">Pedicure Tradycyjny<\/option><option value=\"Pedicure z Hybryd\u0105 na Paznokcie\">Pedicure z Hybryd\u0105 na Paznokcie<\/option><option value=\"SPA na Stopy\">SPA na Stopy<\/option><option value=\"Masa\u017c Twarzy, Szyi i Dekoltu\">Masa\u017c Twarzy, Szyi i Dekoltu<\/option><option value=\"Masa\u017c KOBIDO face\">Masa\u017c KOBIDO face<\/option><option value=\"Piel\u0119gnacyjny Zabieg na Twarz (warto\u015b\u0107 200z\u0142)\">Piel\u0119gnacyjny Zabieg na Twarz (warto\u015b\u0107 200z\u0142)<\/option><option value=\"Farbowanie (warto\u015b\u0107 200z\u0142)\">Farbowanie (warto\u015b\u0107 200z\u0142)<\/option><option value=\"Strzy\u017cenie Damskie z Modelowaniem\">Strzy\u017cenie Damskie z Modelowaniem<\/option><\/select><\/span>\n<\/p>\n<p>lub kwot\u0119<br \/>\n<span class=\"wpcf7-form-control-wrap\" data-name=\"menu-982\"><select class=\"wpcf7-form-control wpcf7-select\" aria-invalid=\"false\" name=\"menu-982\"><option value=\"\">&#8212;Prosz\u0119 wybra\u0107 opcj\u0119&#8212;<\/option><option value=\"50z\u0142\">50z\u0142<\/option><option value=\"100z\u0142\">100z\u0142<\/option><option value=\"150z\u0142\">150z\u0142<\/option><option value=\"200z\u0142\">200z\u0142<\/option><option value=\"250z\u0142\">250z\u0142<\/option><option value=\"300z\u0142\">300z\u0142<\/option><option value=\"400z\u0142\">400z\u0142<\/option><option value=\"500z\u0142\">500z\u0142<\/option><\/select><\/span>\n<\/p>\n<p>Je\u017celi chcesz skomponowa\u0107 w\u0142asny Voucher z us\u0142ug wykonywanych w salonie mo\u017cesz wpisa\u0107 je<br \/>\n<label> Tutaj<br \/>\n<span class=\"wpcf7-form-control-wrap\" data-name=\"your-message\"><textarea cols=\"40\" rows=\"10\" maxlength=\"2000\" class=\"wpcf7-form-control wpcf7-textarea\" aria-invalid=\"false\" name=\"your-message\"><\/textarea><\/span> <\/label>\n<\/p>\n<p>Po przes\u0142aniu formularza otrzymasz e-mail z danymi do przelewu oraz Voucher.<br \/>\nVoucher jest przygotowywany r\u0119cznie przez recepcj\u0119, r\u00f3wnie\u017c poza godzinami pracy salonu lecz wtedy, czas oczekiwania na Voucher mo\u017ce by\u0107 wyd\u0142u\u017cony.<br \/>\nVoucher b\u0119dzie aktywny po zaksi\u0119gowaniu wp\u0142aty lub przes\u0142aniu potwierdzenia.\n<\/p>\n<p><span class=\"wpcf7-form-control-wrap\" data-name=\"acceptance-523\"><span class=\"wpcf7-form-control wpcf7-acceptance\"><span class=\"wpcf7-list-item\"><label><input type=\"checkbox\" name=\"acceptance-523\" value=\"1\" aria-invalid=\"false\" \/><span class=\"wpcf7-list-item-label\">O\u015bwiadczam, i\u017c zapozna\u0142em\/\u0142am si\u0119 i akceptuj\u0119 Regulamin Voucher\u00f3w na stronie www.centrumvenus.pl<\/span><\/label><\/span><\/span><\/span>\n<\/p>\n<p><span class=\"wpcf7-form-control-wrap\" data-name=\"acceptance-168\"><span class=\"wpcf7-form-control wpcf7-acceptance\"><span class=\"wpcf7-list-item\"><label><input type=\"checkbox\" name=\"acceptance-168\" value=\"1\" aria-invalid=\"false\" \/><span class=\"wpcf7-list-item-label\">Administratorem Pani\/a danych osobowych jest: Venus Jan Grabowski z siedzib\u0105 Paderewskiego 4k, 56-400 Ole\u015bnica, PL, NIP: 9111949769, e-mail: centrumvenus@op.pl.  1. Administrator przetwarza dane osobowe w celu: realizacji umowy (wykonania us\u0142ugi).  2. Podstaw\u0105 prawn\u0105 przetwarzania danych osobowych jest realizacja umowy.  3. Dane osobowe przetwarzane b\u0119d\u0105 przez okres trwania umowy, a po jego zako\u0144czeniu przez czas wynikaj\u0105cy z obowi\u0105zuj\u0105cych przepis\u00f3w prawa lub do czasu przedawnienia roszcze\u0144.  4. Odbiorcami danych osobowych b\u0119d\u0105: podmioty zewn\u0119trzne dostarczaj\u0105ce i wspieraj\u0105ce systemy teleinformatyczne Administratora, \u015bwiadcz\u0105ce us\u0142ugi zwi\u0105zane z bie\u017c\u0105c\u0105 dzia\u0142alno\u015bci\u0105 Administratora, w tym w celu umawiania wizyt \u2013 na mocy stosownych um\u00f3w powierzenia przetwarzania danych osobowych oraz przy zapewnieniu stosowania przez ww. podmioty adekwatnych \u015brodk\u00f3w technicznych i organizacyjnych zapewniaj\u0105cych ochron\u0119 danych.  5. Pani\/Pana dane osobowe mog\u0105 podlega\u0107 profilowaniu.  6. Ka\u017cdej osobie, kt\u00f3rej dane s\u0105 przetwarzane, w zakresie wynikaj\u0105cym z przepis\u00f3w prawa, przys\u0142uguje prawo dost\u0119pu do swoich danych oraz ich sprostowania, usuni\u0119cia, ograniczenia przetwarzania oraz prawo wniesienia sprzeciwu wobec przetwarzania danych.  7. Przys\u0142uguje Pani\/u prawo wniesienia skargi do organu nadzorczego (Urz\u0119du Ochrony Danych Osobowych).<\/span><\/label><\/span><\/span><\/span>\n<\/p>\n<p><span class=\"wpcf7-form-control-wrap\" data-name=\"acceptance-821\"><span class=\"wpcf7-form-control wpcf7-acceptance\"><span class=\"wpcf7-list-item\"><label><input type=\"checkbox\" name=\"acceptance-821\" value=\"1\" aria-invalid=\"false\" \/><span class=\"wpcf7-list-item-label\">Wyra\u017cam zgod\u0119 na przetwarzanie danych osobowych przez Venus Jan Grabowski z siedzib\u0105 Paderewskiego 4k, 56-400 Ole\u015bnica, PL, NIP: 9111949769, w celu przesy\u0142ania informacji handlowych na m\u00f3j adres e-mail oraz numer telefonu podany powy\u017cej w formularzu kontaktowym. Wyra\u017cenie zgody jest dobrowolne. Przyjmuj\u0119 do wiadomo\u015bci, \u017ce mog\u0119 w dowolnym momencie wycofa\u0107 t\u0119 zgod\u0119 poprzez wys\u0142anie wiadomo\u015bci e-mail na adres e-mail: centrumvenus@op.pl. Wycofanie przeze mnie zgody nie ma wp\u0142ywu na zgodno\u015b\u0107 z prawem przetwarzania, kt\u00f3rego dokonano na podstawie mojej zgody przed jej wycofaniem.  1. Administratorem Pani\/a danych osobowych jest: Venus Jan Grabowski z siedzib\u0105 Paderewskiego 4k, 56-400 Ole\u015bnica, PL, NIP: 9111949769, e-mail: centrumvenus@op.pl.  2. Administrator przetwarza dane osobowe w celu przesy\u0142ania informacji handlowych.  3. Podstaw\u0105 prawn\u0105 przetwarzania danych osobowych jest udzielona zgoda.  4. Dane osobowe przetwarzane b\u0119d\u0105 przez okres 5 lat.  5. Odbiorcami danych osobowych b\u0119d\u0105: podmioty zewn\u0119trzne dostarczaj\u0105ce i wspieraj\u0105ce systemy teleinformatyczne Administratora, \u015bwiadcz\u0105ce us\u0142ugi zwi\u0105zane z bie\u017c\u0105c\u0105 dzia\u0142alno\u015bci\u0105 Administratora, w tym w celu umawiania wizyt \u2013 na mocy stosownych um\u00f3w powierzenia przetwarzania danych osobowych oraz przy zapewnieniu stosowania przez ww. podmioty adekwatnych \u015brodk\u00f3w technicznych i organizacyjnych zapewniaj\u0105cych ochron\u0119 danych.  6. Pani\/Pana dane osobowe mog\u0105 podlega\u0107 profilowaniu.  7. Ka\u017cdej osobie, kt\u00f3rej dane s\u0105 przetwarzane, w zakresie wynikaj\u0105cym z przepis\u00f3w prawa, przys\u0142uguje prawo dost\u0119pu do swoich danych oraz ich sprostowania, usuni\u0119cia, ograniczenia przetwarzania oraz prawo wniesienia sprzeciwu wobec przetwarzania danych.  8. Przys\u0142uguje Pani\/u prawo wniesienia skargi do organu nadzorczego (Urz\u0119du Ochrony Danych Osobowych).<\/span><\/label><\/span><\/span><\/span>\n<\/p>\n<p><input class=\"wpcf7-form-control wpcf7-submit has-spinner\" type=\"submit\" value=\"Wy\u015blij\" \/>\n<\/p><p style=\"display: none !important;\" class=\"akismet-fields-container\" data-prefix=\"_wpcf7_ak_\"><label>&#916;<textarea name=\"_wpcf7_ak_hp_textarea\" cols=\"45\" rows=\"8\" maxlength=\"100\"><\/textarea><\/label><input type=\"hidden\" id=\"ak_js_1\" name=\"_wpcf7_ak_js\" value=\"15\"\/><script>document.getElementById( \"ak_js_1\" ).setAttribute( \"value\", ( new Date() ).getTime() );<\/script><\/p><div class=\"wpcf7-response-output\" aria-hidden=\"true\"><\/div>\n<\/form>\n<\/div>\n\n<h4><a href=\"https:\/\/centrumvenus.versum.com\/\" target=\"_blank\" rel=\"noopener\">Oferta us\u0142ug wraz z cenami<\/a><\/h4>\n<p><head><!-- Google tag (gtag.js) --> <script async src=\"https:\/\/www.googletagmanager.com\/gtag\/js?id=AW-16831797219\"><\/script> <script> window.dataLayer = window.dataLayer || []; function gtag(){dataLayer.push(arguments);} gtag('js', new Date()); gtag('config', 'AW-16831797219'); <\/script><\/head><\/p>\n","protected":false},"excerpt":{"rendered":"<p>Oferta us\u0142ug wraz z cenami<\/p>\n","protected":false},"author":1,"featured_media":0,"parent":156,"menu_order":0,"comment_status":"closed","ping_status":"closed","template":"","meta":{"footnotes":""},"class_list":["post-143","page","type-page","status-publish","hentry"],"_links":{"self":[{"href":"https:\/\/centrumvenus.pl\/index.php\/wp-json\/wp\/v2\/pages\/143","targetHints":{"allow":["GET"]}}],"collection":[{"href":"https:\/\/centrumvenus.pl\/index.php\/wp-json\/wp\/v2\/pages"}],"about":[{"href":"https:\/\/centrumvenus.pl\/index.php\/wp-json\/wp\/v2\/types\/page"}],"author":[{"embeddable":true,"href":"https:\/\/centrumvenus.pl\/index.php\/wp-json\/wp\/v2\/users\/1"}],"replies":[{"embeddable":true,"href":"https:\/\/centrumvenus.pl\/index.php\/wp-json\/wp\/v2\/comments?post=143"}],"version-history":[{"count":7,"href":"https:\/\/centrumvenus.pl\/index.php\/wp-json\/wp\/v2\/pages\/143\/revisions"}],"predecessor-version":[{"id":256,"href":"https:\/\/centrumvenus.pl\/index.php\/wp-json\/wp\/v2\/pages\/143\/revisions\/256"}],"up":[{"embeddable":true,"href":"https:\/\/centrumvenus.pl\/index.php\/wp-json\/wp\/v2\/pages\/156"}],"wp:attachment":[{"href":"https:\/\/centrumvenus.pl\/index.php\/wp-json\/wp\/v2\/media?parent=143"}],"curies":[{"name":"wp","href":"https:\/\/api.w.org\/{rel}","templated":true}]}}